{"version":"1.0","provider_name":"Conexi\u00f3n Nacional ","provider_url":"https:\/\/conexionnacional.mx","author_name":"Conexi\u00f3n Nacional","author_url":"https:\/\/conexionnacional.mx\/index.php\/author\/administrador\/","title":"M\u00e9xico jugar\u00e1 contra Brasil y Uruguay en 2024","type":"rich","width":600,"height":338,"html":"<blockquote class=\"wp-embedded-content\" data-secret=\"kWYZgThlgO\"><a href=\"https:\/\/conexionnacional.mx\/index.php\/2023\/12\/19\/mexico-jugara-contra-brasil-y-uruguay-en-2024\/\">\u00a1Amistosos de lujo! M\u00e9xico jugar\u00e1 contra Brasil y Uruguay en 2024, antes de Copa Am\u00e9rica<\/a><\/blockquote><iframe sandbox=\"allow-scripts\" security=\"restricted\" src=\"https:\/\/conexionnacional.mx\/index.php\/2023\/12\/19\/mexico-jugara-contra-brasil-y-uruguay-en-2024\/embed\/#?secret=kWYZgThlgO\" width=\"600\" height=\"338\" title=\"&#8220;\u00a1Amistosos de lujo! M\u00e9xico jugar\u00e1 contra Brasil y Uruguay en 2024, antes de Copa Am\u00e9rica&#8221; &#8212; Conexi\u00f3n Nacional \" data-secret=\"kWYZgThlgO\" frameborder=\"0\" marginwidth=\"0\" marginheight=\"0\" scrolling=\"no\" class=\"wp-embedded-content\"><\/iframe><script>\n\/*! This file is auto-generated *\/\n!function(d,l){\"use strict\";l.querySelector&&d.addEventListener&&\"undefined\"!=typeof URL&&(d.wp=d.wp||{},d.wp.receiveEmbedMessage||(d.wp.receiveEmbedMessage=function(e){var t=e.data;if((t||t.secret||t.message||t.value)&&!\/[^a-zA-Z0-9]\/.test(t.secret)){for(var s,r,n,a=l.querySelectorAll('iframe[data-secret=\"'+t.secret+'\"]'),o=l.querySelectorAll('blockquote[data-secret=\"'+t.secret+'\"]'),c=new RegExp(\"^https?:$\",\"i\"),i=0;i<o.length;i++)o[i].style.display=\"none\";for(i=0;i<a.length;i++)s=a[i],e.source===s.contentWindow&&(s.removeAttribute(\"style\"),\"height\"===t.message?(1e3<(r=parseInt(t.value,10))?r=1e3:~~r<200&&(r=200),s.height=r):\"link\"===t.message&&(r=new URL(s.getAttribute(\"src\")),n=new URL(t.value),c.test(n.protocol))&&n.host===r.host&&l.activeElement===s&&(d.top.location.href=t.value))}},d.addEventListener(\"message\",d.wp.receiveEmbedMessage,!1),l.addEventListener(\"DOMContentLoaded\",function(){for(var e,t,s=l.querySelectorAll(\"iframe.wp-embedded-content\"),r=0;r<s.length;r++)(t=(e=s[r]).getAttribute(\"data-secret\"))||(t=Math.random().toString(36).substring(2,12),e.src+=\"#?secret=\"+t,e.setAttribute(\"data-secret\",t)),e.contentWindow.postMessage({message:\"ready\",secret:t},\"*\")},!1)))}(window,document);\n\/\/# sourceURL=https:\/\/conexionnacional.mx\/wp-includes\/js\/wp-embed.min.js\n<\/script>\n","thumbnail_url":"https:\/\/conexionnacional.mx\/wp-content\/uploads\/2023\/12\/Seleccion-Mexicana-confirma-amistosos-contra-Brasil-y-Uruguay-en-2024.webp","thumbnail_width":1024,"thumbnail_height":576,"description":"La \u00faltima\u00a0Junta de Due\u00f1os\u00a0se celebr\u00f3 este martes en las instalaciones de la\u00a0Federaci\u00f3n Mexicana de Futbol, donde fue revelado que\u00a0Uruguay\u00a0y\u00a0Brasil\u00a0ser\u00e1n los dos \u00faltimos\u00a0sinodales\u00a0del\u00a0Tri\u00a0antes de arrancar su\u00a0camino\u00a0en la pr\u00f3xima\u00a0Copa Am\u00e9rica, que se celebrar\u00e1 en\u00a0Estados Unidos."}

Conexión Nacional

México jugará contra Brasil y Uruguay en 2024

<blockquote class="wp-embedded-content" data-secret="kWYZgThlgO"><a href="https://conexionnacional.mx/index.php/2023/12/19/mexico-jugara-contra-brasil-y-uruguay-en-2024/">¡Amistosos de lujo! México jugará contra Brasil y Uruguay en 2024, antes de Copa América</a></blockquote><iframe sandbox="allow-scripts" security="restricted" src="https://conexionnacional.mx/index.php/2023/12/19/mexico-jugara-contra-brasil-y-uruguay-en-2024/embed/#?secret=kWYZgThlgO" width="600" height="338" title="&#8220;¡Amistosos de lujo! México jugará contra Brasil y Uruguay en 2024, antes de Copa América&#8221; &#8212; Conexión Nacional " data-secret="kWYZgThlgO" frameborder="0" marginwidth="0" marginheight="0" scrolling="no" class="wp-embedded-content"></iframe><script>
/*! This file is auto-generated */
!function(d,l){"use strict";l.querySelector&&d.addEventListener&&"undefined"!=typeof URL&&(d.wp=d.wp||{},d.wp.receiveEmbedMessage||(d.wp.receiveEmbedMessage=function(e){var t=e.data;if((t||t.secret||t.message||t.value)&&!/[^a-zA-Z0-9]/.test(t.secret)){for(var s,r,n,a=l.querySelectorAll('iframe[data-secret="'+t.secret+'"]'),o=l.querySelectorAll('blockquote[data-secret="'+t.secret+'"]'),c=new RegExp("^https?:$","i"),i=0;i<o.length;i++)o[i].style.display="none";for(i=0;i<a.length;i++)s=a[i],e.source===s.contentWindow&&(s.removeAttribute("style"),"height"===t.message?(1e3<(r=parseInt(t.value,10))?r=1e3:~~r<200&&(r=200),s.height=r):"link"===t.message&&(r=new URL(s.getAttribute("src")),n=new URL(t.value),c.test(n.protocol))&&n.host===r.host&&l.activeElement===s&&(d.top.location.href=t.value))}},d.addEventListener("message",d.wp.receiveEmbedMessage,!1),l.addEventListener("DOMContentLoaded",function(){for(var e,t,s=l.querySelectorAll("iframe.wp-embedded-content"),r=0;r<s.length;r++)(t=(e=s[r]).getAttribute("data-secret"))||(t=Math.random().toString(36).substring(2,12),e.src+="#?secret="+t,e.setAttribute("data-secret",t)),e.contentWindow.postMessage({message:"ready",secret:t},"*")},!1)))}(window,document);
//# sourceURL=https://conexionnacional.mx/wp-includes/js/wp-embed.min.js
</script>

La última Junta de Dueños se celebró este martes en las instalaciones de la Federación Mexicana de Futbol, donde fue revelado que Uruguay y Brasil serán los dos últimos sinodales del Tri antes de arrancar su camino en la próxima Copa América, que se celebrará en Estados Unidos.
